06?
2, 7, 4705829
What are the prime factors of 340084356?
2, 3, 1873, 15131
List the prime factors of 33401850.
2, 3, 5, 222679
What are the prime factors of 5078407601?
5078407601
What are the prime factors of 3556912?
2, 131, 1697
List the prime factors of 46958604.
2, 3, 7, 11, 50821
What are the prime factors of 44115427?
44115427
List the prime factors of 38969171.
19, 563, 3643
What are the prime factors of 46549053?
3, 59, 29221
List the prime factors of 891440393.
891440393
List the prime factors of 983604618.
2, 3, 43, 619, 2053
What are the prime factors of 243497806?
2, 19, 1723, 3719
List the prime factors of 529781177.
113, 4688329
What are the prime factors of 840881211?
3, 43, 6518459
List the prime factors of 1411845822.
2, 3, 523, 49991
What are the prime factors of 304660690?
2, 5, 30466069
List the prime factors of 59589929.
7, 103, 11807
What are the prime factors of 13458216?
2, 3, 31, 18089
What are the prime factors of 111420908?
2, 251, 110977
What are the prime factors of 134280439?
149, 901211
List the prime factors of 497033002.
2, 61, 4074041
What are the prime factors of 4569516644?
2, 7, 11, 19, 263, 2969
What are the prime factors of 3336114053?
2083, 1601591
What are the prime factors of 57913010?
2, 5, 269, 21529
What are the prime factors of 51767713?
51767713
What are the prime factors of 240437221?
379, 523, 1213
List the prime factors of 426341576.
2, 2297, 23201
What are the prime factors of 124023891?
3, 17, 2431841
List the prime factors of 1079676261.
3, 2801, 42829
What are the prime factors of 715886688?
2, 3, 11, 53, 12791
What are the prime factors of 83821202?
2, 83, 504947
What are the prime factors of 1078521525?
3, 5, 4793429
What are the prime factors of 908912127?
3, 2081, 145589
What are the prime factors of 43187838?
2, 3, 547, 13159
What are the prime factors of 7603839?
3, 683, 1237
List the prime factors of 558247103.
41, 13615783
What are the prime factors of 2558602970?
2, 5, 7, 11, 3322861
What are the prime factors of 1616540065?
5, 7, 43, 1074113
What are the prime factors of 5540115004?
2, 613, 839, 2693
What are the prime factors of 21074681?
21074681
What are the prime factors of 80490141?
3, 313, 28573
What are the prime factors of 31046093?
13, 2388161
What are the prime factors of 7550909255?
5, 523, 2887537
List the prime factors of 1623928284.
2, 3, 11, 1366943
What are the prime factors of 69930768?
2, 3, 1456891
List the prime factors of 476871292.
2, 119217823
List the prime factors of 875756.
2, 7, 31277
What are the prime factors of 28566903?
3, 31, 307171
List the prime factors of 4136979505.
5, 1237, 668873
What are the prime factors of 33781306?
2, 13, 619, 2099
List the prime factors of 82755269.
17, 4867957
What are the prime factors of 21252994?
2, 7, 1518071
List the prime factors of 23079793.
11, 107, 19609
List the prime factors of 5126626910.
2, 5, 211, 2429681
What are the prime factors of 63378390?
2, 3, 5, 59, 61, 587
What are the prime factors of 754959116?
2, 188739779
List the prime factors of 53344138.
2, 26672069
What are the prime factors of 181528237?
11, 16502567
What are the prime factors of 1602195586?
2, 113, 7089361
List the prime factors of 7078768701.
3, 37, 1249, 51059
List the prime factors of 378040683.
3, 4759, 26479
What are the prime factors of 70139970?
2, 3, 5, 479, 1627
List the prime factors of 20965347.
3, 13, 29, 37, 167
What are the prime factors of 345885554?
2, 7, 24706111
List the prime factors of 683423335.
5, 7, 2789483
List the prime factors of 516719858.
2, 19, 2381, 5711
What are the prime factors of 327426819?
3, 109142273
What are the prime factors of 66185403?
3, 17, 31, 41863
List the prime factors of 41337571.
11, 3757961
List the prime factors of 4129523645.
5, 13, 63531133
What are the prime factors of 1299460401?
3, 383, 41887
What are the prime factors of 84040340?
2, 5, 4202017
List the prime factors of 47523099.
3, 13, 641, 1901
What are the prime factors of 2095300878?
2, 3, 11, 149, 213067
List the prime factors of 132907722.
2, 3, 157, 199, 709
List the prime factors of 570002578.
2, 569, 500881
What are the prime factors of 6782855317?
7, 7537, 128563
What are the prime factors of 48070283?
1217, 39499
What are the prime factors of 27521295?
3, 5, 1834753
List the prime factors of 2692888914.
2, 3, 448814819
What are the prime factors of 90592700?
2, 5, 11, 7487
List the prime factors of 113988529.
23, 4956023
List the prime factors of 179033952.
2, 3, 431, 4327
What are the prime factors of 4141631521?
4141631521
What are the prime factors of 379017804?
2, 3, 11, 2871347
What are the prime factors of 28650212?
2, 43, 166571
What are the prime factors of 53560971?
3, 5951219
List the prime factors of 20901197.
19, 1100063
What are the prime factors of 36651345?
3, 5, 67, 36469
What are the prime factors of 587954612?
2, 7, 23, 912973
List the prime factors of 3937867617.
3, 53, 389, 63667
List the prime factors of 917788530.
2, 3, 5, 457, 66943
What are the prime factors of 2992323169?
11, 272029379
What are the prime factors of 1104540671?
13, 463, 183509
What are the prime factors of 555710832?
2, 3, 293, 13171
What are the prime factors of 241751406?
2, 3, 13, 751, 4127
What are the prime factors of 278722351?
278722351
What are the prime factors of 111796641?
3, 11, 17, 181, 367
What are the prime factors of 1152229049?
31, 37168679
What are the prime factors of 70381273?
2657, 26489
List the prime factors of 799584361.
547, 1461763
What are the prime factors of 262678910?
2, 5, 13, 37, 97, 563
What are the prime factors of 2612132231?
13669, 191099
List the prime factors of 4990647.
3, 1663549
List the prime factors of 13619131.
13619131
What are the prime factors of 31608249?
3, 37, 284759
List the prime factors of 982427280.
2, 3, 5, 17, 389, 619
What are the prime factors of 130979661?
3, 347, 125821
What are the prime factors of 3196660637?
17, 188038861
What are the prime factors of 40765220?
2, 5, 97, 21013
What are the prime factors of 8994238?
2, 11, 463, 883
List the prime factors of 54792905.
5, 10958581
What are the prime factors of 487926142?
2, 11, 22178461
What are the prime factors of 439144493?
17, 59, 367, 1193
List the prime factors of 102466477.
1289, 79493
List the prime factors of 827631210.
2, 3, 5, 7, 113, 34877
List the prime factors of 264804552.
2, 3, 167, 2447
List the prime factors of 1820535081.
3, 3571, 169937
List the prime factors of 50845553.
11, 4622323
What are the prime factors of 332437499?
17, 19555147
List the prime factors of 514528327.
37, 13906171
What are the prime factors of 392396807?
11, 5333, 6689
List the prime factors of 520383026.
2, 260191513
What are the prime factors of 1709868249?
3, 241, 788321
What are the prime factors of 5737947803?
7, 5413, 151433
What are the prime factors of 350870165?
5, 503, 139511
List the prime factors of 1460464033.
7, 17, 31, 395897
List the prime factors of 2231646237.
3, 247960693
What are the prime factors of 125871002?
2, 62935501
List the prime factors of 1911693446.
2, 13, 67, 1097413
What are the prime factors of 68445513?
3, 2535019
What are the prime factors of 1781646043?
31, 127, 452539
List the prime factors of 438775292.
2, 109693823
What are the prime factors of 374964097?
263, 277, 5147
List the prime factors of 2364758029.
281, 8415509
List the prime factors of 41214422.
2, 283, 72817
List the prime factors of 126648049.
11, 131, 179, 491
List the prime factors of 185951782.
2, 1259, 73849
List the prime factors of 152115832.
2, 11, 863, 2003
List the prime factors of 9605404.
2, 359, 6689
List the prime factors of 78010697.
78010697
List the prime factors of 35627344.
2, 643, 3463
List the prime factors of 940638857.
940638857
What are the prime factors of 87739777?
19, 61, 75703
List the prime factors of 2059755630.
2, 3, 5, 31, 2214791
List the prime factors of 1164972722.
2, 18289, 31849
List the prime factors of 649097766.
2, 3, 23, 522623
List the prime factors of 202835292.
2, 3, 11, 1536631
List the prime factors of 773846548.
2, 193461637
List the prime factors of 6215970762.
2, 3, 83, 269, 15467
List the prime factors of 1335209355.
3, 5, 29671319
What are the prime factors of 92586009?
3, 